 19
Let s(q) = q**2 + 7*q + 5. Let j be 2 - (-50)/(-6) - (-4)/(-6). Let i be s(j). List the prime factors of (-2 + 63)*(i - 4).
61
Suppose 50 = 4*r + 5*x, -3*x = -4*r + 36 - 2. What are the prime factors of (12 - -241) + r - (4 + 1)?
2, 3, 43
Let a = 30902 + -10330. List the prime factors of a.
2, 37, 139
Let o(k) = -k**3 - 6*k**2 - 6*k + 50. What are the prime factors of o(-28)?
2, 3, 41, 71
Suppose 5*d + 0*d + 1880 = 5*q, 0 = 2*d + 2*q + 760. List the prime factors of (-17998)/(-12) + (-63)/d.
2, 3, 5
Let k = -3233 + 3299. Let c(i) = 8*i**2 - 2*i - 4. Let m be c(-5). Let o = m - k. What are the prime factors of o?
2, 5, 7
Let m(j) = 3*j + 6. Let n be m(-2). Suppose -5*i - 5*s - 1065 = n, -2 = 4*s + 10. Let w = i - -314. What are the prime factors of w?
2, 13
Suppose 65086 = 2*l - 3*d, 2*d = -3*l + 6*d + 97630. What are the prime factors of l?
2, 16273
Suppose -50 = -3*c + 55. Let v be (3 - (-1725)/c) + (-4)/14. Suppose -2*u + 2*p = -60, -3*u = -5*p - v - 30. List the prime factors of u.
2, 17
Let p(r) = r**2 + 10*r + 39. Let v be p(-6). Suppose v*s - 50 = 5*s. Suppose 5*i = 2*b + 475, -s*i + 95 = -4*i + b. What are the prime factors of i?
5, 19
Let o be 12*4/12 + 0. Let w(x) = 102*x - 9. List the prime factors of w(o).
3, 7, 19
Suppose 2*p + 2*w - 2750 = 0, -14*p + 18*p + 5*w - 5500 = 0. Suppose -5*c - p = -7*s + 2*s, 0 = 2*c. What are the prime factors of s?
5, 11
Let o(p) = -21*p + 14*p**2 - 9 - 34*p**2 + 22*p**2. List the prime factors of o(-6).
3, 7
Let w = 33 + -29. Suppose -3*g + 2*g = 2*z - 2, 0 = -3*z - g + w. Suppose -4*d - 3*v + 143 = -z*d, -3*d = 3*v - 210. What are the prime factors of d?
67
Suppose 123*v - 582 = -u + 124*v, 0 = -u + 4*v + 570. What are the prime factors of u?
2, 293
Let j = 425 + -421. Suppose 0 = -27*h + j*h + 8188. List the prime factors of h.
2, 89
Let a = -1645 + 2829. Suppose -22*g + 13842 = -a. What are the prime factors of g?
683
Suppose 0 = -5*m - 3*i + 6*i + 1238, -i - 495 = -2*m. Suppose -613 = -10*o + m. What are the prime factors of o?
2, 43
Suppose -46 - 3 = -f. Let l = -64 + f. Let u = l + 113. List the prime factors of u.
2, 7
Suppose 314659 = 23*l - 25488. List the prime factors of l.
23, 643
Suppose -5*z = -0*s + 5*s + 40, -z = -2*s - 1. Let i be (-2 - s)/((-6)/(-30)). Suppose i*t = 9*t - 204. List the prime factors of t.
3, 17
Let f(h) = 1278*h - 3944. List the prime factors of f(8).
2, 5, 157
Suppose 0 = 9*z + 2*z - 4*z. Suppose k - u - 151 = z, 14*k - 10*k - 3*u = 604. What are the prime factors of k?
151
Let j(t) = 24*t - 89. Let u be j(4). Suppose 0 = 5*q + u*q - 8352. What are the prime factors of q?
2, 3, 29
Let s = 10 - -2. Suppose -1666 = -s*j - 2*j. Suppose -2*k + 3*n + 49 + 225 = 0, k + 3*n = j. List the prime factors of k.
131
Suppose 5*f + 4*p = 86 + 54, 3*p = -5*f + 135. Suppose -a + 5*k = -54, a + 25*k = f*k + 24. What are the prime factors of a?
29
Let j(i) = 241*i**2 + 4*i - 1. Let b be j(5). Suppose 5*c = -60 + 65, 2*a - 63 = c. What are the prime factors of b/a + 3/24?
3, 7
Let f = 1428 + 528. What are the prime factors of f?
2, 3, 163
Let l(r) = 17*r**2 - 121*r - 1640. What are the prime factors of l(-15)?
2, 5
Suppose -376*a + 371*a = 40. List the prime factors of (11/((-110)/a))/(1/90).
2, 3
Let s = 21996 + -1122. What are the prime factors of s?
2, 3, 7, 71
Let w(m) be the third derivative of -m**5/60 + m**4/6 + 905*m**3/6 + 72*m**2. What are the prime factors of w(0)?
5, 181
Suppose q - 4*w = 5987 - 34, q - 3*w = 5945. What are the prime factors of q?
31, 191
Let q = 33 + -14. Suppose -16*z + 11*z - 1044 = -14*z. Suppose q*n + z = 23*n. List the prime factors of n.
29
Let y = 74 + -86. Let c be y/(-18) + (428/3)/2. Suppose g = 2 + c. List the prime factors of g.
2, 37
Let q = -3349 + 11380. What are the prime factors of q?
3, 2677
Suppose -290 - 1580 = -10*t. Suppose -s + 4*s + 3*r = 192, -3*s + t = -2*r. What are the prime factors of s?
3, 7
Suppose 25*i - 746800 = -i + i. What are the prime factors of i?
2, 1867
Let a = 378 + -374. Suppose -m = -u + 495 + 223, -a*u + 2863 = 5*m. What are the prime factors of u?
3, 239
Let u(s) = s**3 + 40*s**2 + 91*s + 46. Suppose 0 = 2*q + 3*z - 14 + 103, 2*z - 64 = 2*q. List the prime factors of u(q).
2, 3, 131
Let p = 4016 + -2683. Let b = p + -764. Suppose 3*z - b = -224. What are the prime factors of z?
5, 23
Let j(q) = -q**3 - 4*q + 3. Let g be j(0). Suppose 12*f - 15*f = g. List the prime factors of -4 + f*3/1 + 242.
5, 47
Suppose -79*b + 78*b - 4*n = -1, -2*n = 2*b - 8. Let f(m) = 11*m - 15. Let z(p) = -45*p + 60. Let w(k) = 18*f(k) + 4*z(k). List the prime factors of w(b).
2, 3, 5
Let p = -822 - -1217. Let l = -234 + p. Suppose -4*c + l = -183. What are the prime factors of c?
2, 43
Let f = -27791 + 47015. What are the prime factors of f?
2, 3, 89
Let p(g) = 1593*g + 263. What are the prime factors of p(4)?
5, 1327
Let x be (-16)/18*(2898/28)/(-23). Suppose -x*f + 4256 = 4*f. What are the prime factors of f?
2, 7, 19
Let l(h) = -h + 2. Let w be l(0). Let k = 1450 + -1450. Suppose k = -2*b - w*b + 56. List the prime factors of b.
2, 7
Let j(f) = -12*f - 25. Let p = -48 - -18. List the prime factors of j(p).
5, 67
Suppose -5*q = -4*i + 18832, -44*i + 23577 = -39*i + 3*q. List the prime factors of i.
3, 1571
Let f = 57 - 53. Suppose -k + 506 = -2*a + k, -773 = 3*a + f*k. List the prime factors of a/(-9) + (2 - 20/15).
29
Let t(i) = i**2 - 11*i + 34. Let x be t(0). Suppose 0 = x*q - 26*q - 4784. List the prime factors of q.
2, 13, 23
Let n be ((-6)/(-4))/((-15)/(-10)). What are the prime factors of (1548/27)/(n/6)?
2, 43
Let d(q) = 5*q**3 + 4*q**2 - 7*q - 31. Let r be d(-6). What are the prime factors of r/(-6) - ((-52)/24)/(-13)?
2, 7, 11
List the prime factors of (-5)/(-4)*14/35 - 11022/(-4).
2, 13, 53
Suppose 19*j - 31008 = -38*j. List the prime factors of j.
2, 17
Suppose 31*o + 16969 = 3*c + 35*o, 0 = -4*c + 4*o + 22644. What are the prime factors of c?
5659
Suppose -75766 = -5*y + 5*i - 4*i, 3*y = -4*i + 45455. List the prime factors of y.
3, 5051
Let a = 374 - 364. Suppose -813 = -z + 11*f - a*f, -z + 818 = 4*f. What are the prime factors of z?
2, 11, 37
Let a = 52 + -104. Let k = a - -52. Suppose 2*t - 157 - 315 = k. List the prime factors of t.
2, 59
Let q(p) = -p**2 + 24*p - 15. Let f = -31 - -33. Suppose 0 = -b + 14 - f. What are the prime factors of q(b)?
3, 43
Let w = -78 + 53. Let u be 4 - (-215)/w - (-3)/5. Let n(y) = 10*y**2 - 11*y - 23. List the prime factors of n(u).
181
Let o(m) be the third derivative of m**5/60 + m**3/6 - 2*m**2. Let q be o(1). Suppose -q*z = 2*i - 156, 5*z - 4*i - 256 = 125. List the prime factors of z.
7, 11
Suppose 105*c - 106*c = -15. Let w(f) = f**2 - 5*f. Let y be w(6). Suppose 10 = x - y*x, g + 3*x = c. What are the prime factors of g?
3, 7
Let d(r) = -r + 32. Let q be d(6). Let o(u) = -58*u + 17*u**2 + q*u + u**3 + 9 - 2. List the prime factors of o(-18).
7, 37
Let x(o) be the third derivative of -o**4/12 + 9*o**3/2 - 13*o**2 + o. What are the prime factors of x(11)?
5
Suppose -34*w = -309304 - 181319 + 136649. What are the prime factors of w?
29, 359
Suppose 12 = 4*r - 7*r. Let w be 1/r*-4 + 420. Suppose 3*k = w - 115. What are the prime factors of k?
2, 3, 17
Let a = -6166 + 19311. What are the prime factors of a?
5, 11, 239
Suppose -4*z = -3*g - 166239, -18*g - 83109 = -2*z - 13*g. What are the prime factors of z?
2, 3, 2309
Let k(w) = 3*w**3 - 88*w**2 - 38*w - 34. What are the prime factors of k(30)?
2, 313
Suppose -48 = 11*l - 14*l. Suppose l*t = -1880 + 8824. What are the prime factors of t?
2, 7, 31
Suppose -3*v = 4*i - 28, 4*i - 14 = v + 14. Suppose 2*d = z - 8, -2*d - i - 1 = 0. List the prime factors of 48*1 - (z - -4).
2, 11
Let k(p) be the third derivative of -p**4/6 + 5*p**3/3 - 3*p**2 - 7. Let l be 6*(2 - 3) - 1. What are the prime factors of k(l)?
2, 19
Suppose 12*g - 656 + 4952 = 0. Let b = g - -1227. What are the prime factors of b?
11, 79
Suppose 9328 = -4*z + 4*l + 2600, -3346 = 2*z + 4*l. Let t = z + 2471. What are the prime factors of t?
2, 3, 11
Suppose -20 = -3*w - 2*w. Suppose j + 0*j - 132 = -5*d, 4*d = -w*j + 464. Let l = j - 14. List the prime factors of l.
2, 7
Let d(m) = -27*m + 1. Let l be d(-16). List the prime factors of l*3 + -6 + 11.
2, 163
Let s =